?
8
What is the units digit of 262726?
6
What is the hundred thousands digit of 633449?
6
What is the hundreds digit of 7170961?
9
What is the hundred thousands digit of 1950075?
9
What is the tens digit of 13115?
1
What is the tens digit of 3557?
5
What is the units digit of 1458303?
3
What is the hundreds digit of 93654?
6
What is the ten millions digit of 10093756?
1
What is the units digit of 34300282?
2
What is the hundred thousands digit of 13414176?
4
What is the tens digit of 162954?
5
What is the units digit of 1305366?
6
What is the hundreds digit of 19728?
7
What is the ten thousands digit of 3404345?
0
What is the ten thousands digit of 308267?
0
What is the tens digit of 933762?
6
What is the thousands digit of 2313017?
3
What is the hundreds digit of 774903?
9
What is the hundreds digit of 92725?
7
What is the thousands digit of 590635?
0
What is the units digit of 202290?
0
What is the tens digit of 214087?
8
What is the hundred thousands digit of 318134?
3
What is the thousands digit of 7543536?
3
What is the tens digit of 802432?
3
What is the thousands digit of 803794?
3
What is the ten thousands digit of 464790?
6
What is the ten thousands digit of 856711?
5
What is the hundred thousands digit of 485345?
4
What is the hundred thousands digit of 892472?
8
What is the hundred thousands digit of 826219?
8
What is the tens digit of 395042?
4
What is the hundred thousands digit of 2336593?
3
What is the hundred thousands digit of 2799374?
7
What is the hundreds digit of 342016?
0
What is the ten thousands digit of 763582?
6
What is the thousands digit of 3596617?
6
What is the hundred thousands digit of 1425027?
4
What is the ten thousands digit of 19596713?
9
What is the ten thousands digit of 806004?
0
What is the units digit of 816007?
7
What is the tens digit of 95246?
4
What is the ten thousands digit of 2313060?
1
What is the hundreds digit of 1018587?
5
What is the ten thousands digit of 25393?
2
What is the units digit of 30656?
6
What is the hundreds digit of 26837442?
4
What is the ten millions digit of 16059008?
1
What is the thousands digit of 80878?
0
What is the millions digit of 6219280?
6
What is the tens digit of 15283878?
7
What is the hundreds digit of 207903?
9
What is the hundreds digit of 1266694?
6
What is the hundred thousands digit of 14702820?
7
What is the hundred thousands digit of 218593?
2
What is the hundreds digit of 6876400?
4
What is the hundreds digit of 336029?
0
What is the ten thousands digit of 1524621?
2
What is the ten thousands digit of 774208?
7
What is the hundreds digit of 876042?
0
What is the hundred thousands digit of 103106?
1
What is the hundreds digit of 7796150?
1
What is the tens digit of 174749?
4
What is the tens digit of 580312?
1
What is the tens digit of 1499263?
6
What is the millions digit of 6618363?
6
What is the tens digit of 80841?
4
What is the thousands digit of 499292?
9
What is the tens digit of 420470?
7
What is the hundred thousands digit of 4641082?
6
What is the thousands digit of 2287410?
7
What is the millions digit of 5799990?
5
What is the millions digit of 11766011?
1
What is the ten thousands digit of 21262869?
6
What is the tens digit of 1388369?
6
What is the tens digit of 10357136?
3
What is the hundred thousands digit of 2234271?
2
What is the thousands digit of 2807357?
7
What is the hundreds digit of 6741694?
6
What is the tens digit of 1939747?
4
What is the ten thousands digit of 2508973?
0
What is the units digit of 123890?
0
What is the hundreds digit of 745623?
6
What is the ten thousands digit of 2410468?
1
What is the hundred thousands digit of 12527656?
5
What is the hundreds digit of 154068?
0
What is the thousands digit of 1798345?
8
What is the ten thousands digit of 1224999?
2
What is the units digit of 2657983?
3
What is the hundreds digit of 8296002?
0
What is the tens digit of 875091?
9
What is the ten thousands digit of 8543567?
4
What is the units digit of 8017551?
1
What is the tens digit of 20957?
5
What is the hundreds digit of 888112?
1
What is the units digit of 8000701?
1
What is the units digit of 115569?
9
What is the tens digit of 357772?
7
What is the hundred thousands digit of 239978?
2
What is the hundred thousands digit of 8402933?
4
What is the thousands digit of 803332?
3
What is the hundreds digit of 239224?
2
What is the thousands digit of 16175203?
5
What is the tens digit of 8333215?
1
What is the thousands digit of 503561?
3
What is the hundreds digit of 1851789?
7
What is the hundred thousands digit of 3825103?
8
What is the thousands digit of 31295?
1
What is the units digit of 163337?
7
What is the thousands digit of 1379829?
9
What is the thousands digit of 6604984?
4
What is the units digit of 313413?
3
What is the units digit of 723120?
0
What is the tens digit of 560663?
6
What is the tens digit of 70941?
4
What is the hundred thousands digit of 10159970?
1
What is the units digit of 193647?
7
What is the hundred thousands digit of 5278985?
2
What is the millions digit of 11688297?
1
What is the tens digit of 378377?
7
What is the tens digit of 245753?
5
What is the hundreds digit of 27787846?
8
What is the tens digit of 660989?
8
What is the tens digit of 1765064?
6
What is the tens digit of 381242?
4
What is the units digit of 350202?
2
What is the units digit of 15517432?
2
What is the ten thousands digit of 1943387?
4
What is the ten thousands digit of 8525149?
2
What is the thousands digit of 459188?
9
What is the units digit of 1012999?
9
What is the millions digit of 2864020?
2
What is the units digit of 365541?
1
What is the hundreds digit of 31215?
2
What is the hundreds digit of 3186985?
9
What is the thousands digit of 675381?
5
What is the units digit of 631646?
6
What is the units digit of 1793880?
0
What is the units digit of 918032?
2
What is the hundred thousands digit of 353223?
3
What is the millions digit of 12042407?
2
What is the units digit of 38679?
9
What is the hundreds digit of 6417904?
9
What is the hundreds digit of 4851008?
0
What is the tens digit of 1052787?
8
What is the ten thousands digit of 250691?
5
What is the thousands digit of 24923184?
3
What is the hundred thousands digit of 4602820?
6
What is the ten thousands digit of 3896263?
9
What is the ten thousands digit of 415383?
1
What is the tens digit of 2086202?
0
What is the units digit of 134299?
9
What is the units digit of 1970826?
6
What is the thousands digit of 180075?
0
What is the ten thousands digit of 11268758?
6
What is the ten thousands digit of 2028710?
2
What is the hundreds digit of 1822557?
5
What is the ten thousands digit of 474764?
7
What is the tens digit of 1008722?
2
What is the hundreds digit of 1632033?
0
What is the hundreds digit of 1441635?
6
What is the hundred thousands digit of 5740883?
7
What is the thousands digit of 1801396?
1
What is the tens digit of 94714?
1
What is the tens digit of 10815463?
6
What is the ten thousands digit of 455193?
5
What is the thousands digit of 142697?
2
What is the units digit of 176792?
2
What is the units digit of 179830?
0
What is the hundreds digit of 26135259?
2
What is the ten thousands digit of 352560?
5
What is the tens digit of 272631?
3
What is the hundreds digit of 86662?
6
What is the units digit of 11249979?
9
What is the hundreds digit of 397290?
2
What is the hundreds digit of 7026?
0
What is the tens digit of 398420?
2
What is the units digit of 26651?
1
What is the thousands digit of 887243?
7
What is the hundreds digit of 6846081?
0
What is the tens digit of 388555?
5
What is the ten thousands digit of 1480151?
8
What is the thousands digit of 85123?
5
What is the hundreds digit of 217832?
8
What is the ten thousands digit of 133095?
3
What is the units digit of 3053106?
6
What is the hundreds digit of 652781?
7
What is the hundred thousands digit of 3546163?
5
What is the thousands digit of 747091?
7
What is the ten thousands digit of 10329740?
2
What is the hundreds digit of 316473?
4
What is the tens digit of 42726?
2
What is the units digit of 15638?
8
What is the hundred thousands digit of 1619136?
6
What is the tens digit of 103968?
6
What is the units digit of 2258100?
0
What is the hundred thousands digit of 411647?
4
What 